t are the prime factors of q(z)?
2, 11, 17
Suppose -41*f = -36*f + 5, -4*l = -2*f - 14550. What are the prime factors of l?
3637
Suppose -2*f = 5*r - 244221, -4 - 12 = -2*f. What are the prime factors of r?
13, 17
Suppose 435*c = -38*c + 4*c + 16327297. List the prime factors of c.
31, 1123
Let s = -90347 + 175503. List the prime factors of s.
2, 61, 349
Let h(m) = 1359*m + 6479. What are the prime factors of h(5)?
2, 6637
Let w(m) = -3*m + 2. Let k be w(0). Let i(s) = 54 + 2*s**k - 26 + 0*s**2 + 18*s**2 - 8*s - s**3. What are the prime factors of i(19)?
3, 79
Let a(d) = 158*d**2 - 40*d - 6. List the prime factors of a(-6).
2, 3, 7, 47
Let c(w) = -w**3 - 16*w**2 - 21*w + 31. Let u be c(-26). Suppose 0 = -5*y - 2*b + u, 5*b = -0*b - 20. What are the prime factors of y?
13, 113
Let k(f) = -2*f**2 - 8*f - 4. Let p be k(-1). What are the prime factors of (-1066 - (2 + p))/(-1)?
2, 5, 107
Let w be (-7 - (-26)/(-4))/((-1)/(-30)). Let c = -273 - w. Suppose 4*v = v + c. List the prime factors of v.
2, 11
Let x(o) = 242*o - 37. Let a be x(6). Suppose 0*i = -i + 4*k + 461, -a = -3*i + 4*k. List the prime factors of i.
3, 53
Let w(z) = -64*z**2 - 2054*z + 10. List the prime factors of w(-24).
2, 6221
Suppose 1110 = -12*l + 17*l. Suppose -l + 91 = -w. Suppose -5*d + w = -614. What are the prime factors of d?
149
Suppose 4*w + 0*w - 6764 = 0. Suppose 0 = 2*s + 3*i - w, -5*s - 3*i - 249 = -4499. List the prime factors of s.
853
Let r be (44/6)/(18/135). Let s = -12 + r. Suppose -7*v + s = -2*v + 3*n, 2*n + 38 = 5*v. What are the prime factors of v?
2
Suppose -2*l - 30 = -7*l. Suppose 5*h - 15 = 0, -8*f + 10*f + 3*h - 829 = 0. Suppose -l*a + f = -a. What are the prime factors of a?
2, 41
Let x(h) = 1551*h + 1142. List the prime factors of x(8).
2, 5, 271
Suppose 10222 = 5*v - 2*i, v - 23*i - 2030 = -19*i. List the prime factors of v.
2, 3, 11, 31
Let o(i) = i**3 + 24*i**2 - 82*i + 121. What are the prime factors of o(20)?
13, 1237
Let c(n) = 77*n**2 - 4*n - 8. Let m(y) = -y**3 + y**2 + 2. Let r be 1 + -1*(1 - 2)*1. Let v be m(r). List the prime factors of c(v).
2, 7, 11
Suppose -n - 4 = -11. Let b(a) = a + 3. Let o be b(n). Suppose 5*h + 285 = o*h. What are the prime factors of h?
3, 19
Suppose 2*t - 4*l = 5*t - 15, 0 = -5*l. Let c(i) = 2*i**2 - 11*i + 5. Let q be c(t). Suppose q = -5*r - 0*r + 1100. List the prime factors of r.
2, 5, 11
Let g(h) = -h**3 - 17*h**2 - 4*h + 131. List the prime factors of g(-31).
13709
Let m be ((-8)/(-12))/(4/6). Let r be -14 - 5 - (-3)/m. Let x = r + 21. What are the prime factors of x?
5
Let h(v) = -21 + 13 - 11 + 5*v. Let q be h(9). What are the prime factors of -94*(18/(-52) - 4/q)?
47
Let g be (24/36 - (-2)/6) + 3. What are the prime factors of (31 - -3)*88/g?
2, 11, 17
Let s = -282 - -287. Suppose -5*v = 3*o - 1171, 0*o + 2*o = s*v - 1186. What are the prime factors of v?
2, 59
Suppose -8*a = -7*a - 4. Suppose -3*p + 602 + 156 = a*d, -2*p - d + 512 = 0. What are the prime factors of p?
2, 3, 43
Let i(q) = 157*q + 21. Let u be i(5). Let f = -445 + u. List the prime factors of f.
19
Suppose -5*x + 17 = -23. Suppose -x = -3*m - m. Suppose 4 = 4*n - m*n, -103 = -3*j - 5*n. What are the prime factors of j?
31
Let h(y) = 976*y + 3017. List the prime factors of h(12).
11, 13, 103
Suppose 4*g = 4*l + 17312, -145*l + 141*l - 4334 = -g. What are the prime factors of g?
2, 3, 7, 103
Let t(b) = -b**3 - b**2 - 4*b + 7204. List the prime factors of t(0).
2, 1801
Let g(u) = 1901*u**2 - 96*u - 7. What are the prime factors of g(-3)?
2, 5, 37, 47
Let s = 22688 - 10423. List the prime factors of s.
5, 11, 223
Let l(o) be the third derivative of 0*o - 1/15*o**5 + 13/6*o**3 + 1/12*o**4 - 18*o**2 - 1/120*o**6 + 0. What are the prime factors of l(-6)?
73
Let v(t) = 116*t**2 - 26*t - 132. List the prime factors of v(17).
2, 5, 659
Let c = -8246 - -20380. List the prime factors of c.
2, 6067
Let h be 6 + 180/(-28) - 14216/(-14). Suppose 0*i - 3*i = -5*z - h, 0 = 2*z - 2. List the prime factors of i.
2, 5, 17
Let d = 3343 + -1672. Let i = -1109 + d. List the prime factors of i.
2, 281
Suppose -5*g + 68 + 112 = 0. Let t be (g/30)/(6/20). Suppose -48 = -4*m + 2*y, -m - m + 4 = t*y. What are the prime factors of m?
2, 5
Let k(f) be the second derivative of -3*f**4 + f**3/6 - 3*f**2/2 + 22*f. Let a be k(-2). Let v = a - -208. What are the prime factors of v?
59
Suppose 4*o - 1026 = 1802. Suppose 0*a - 3*a - 4*z + 429 = 0, o = 5*a + 4*z. Let d = a - 67. What are the prime factors of d?
2, 3
Let z be (18/8)/(-4*(-8)/(-12928)). Let l = 176 - z. What are the prime factors of l?
5, 7, 31
Suppose 5*a = 2*a - 6. Let q(d) = -87*d + 8. Let t be q(a). Suppose -c - 5*w + 11 = -42, 0 = 4*c + 5*w - t. What are the prime factors of c?
43
Suppose -5*v + 3*v - 15 = -5*m, m + 3*v = 20. Let s(g) = 3*g**2 + 10*g - 25. Let t be s(m). Suppose t - 13 = 3*i. List the prime factors of i.
29
Suppose -114*r + 47316 = -110*r. What are the prime factors of r?
3, 3943
Let p = -2204 + 2213. Let t(y) = -3*y**2 + 17*y - 19. Let a(b) = -4*b**2 + 18*b - 19. Let o(n) = -2*a(n) + 3*t(n). What are the prime factors of o(p)?
5, 7
Let n = 113 - 111. Suppose 0 = 3*m + 5*y - 1180, -n*m + 4*y = 2*m - 1552. List the prime factors of m.
2, 3, 5, 13
Let x(w) be the second derivative of -w**3/3 + 21*w**2/2 + 8*w. Let o be x(9). Suppose q - o = -0*q. What are the prime factors of q?
3
Let f(o) = 19*o**3 + 2*o**2 - o - 1. Let k be f(2). Suppose 3*g - 165 = 5*z - 602, 2*z = 3*g + 164. Let j = k - z. What are the prime factors of j?
2, 3, 11
Let i be (-4 + (-72)/(-20))*-40. Suppose 7*u - i = 3*u, 35 = n + 5*u. Suppose o + 283 = 4*w + n, 0 = o. List the prime factors of w.
67
Suppose 21 = 3*t - 4*l, -4*t + 15 = -4*l - 17. Let i(w) be the third derivative of 11*w**4/24 + 25*w**3/3 - 330*w**2 - 7*w. List the prime factors of i(t).
3, 19
Suppose -4*p - 3*w = -17, -5*p + 29 + 36 = -5*w. Suppose 12*i - 116 = p*i. Suppose i = 2*z - q, -5*q + 13 + 10 = 4*z. List the prime factors of z.
2, 3
Let s be 31/2*(-15 - -11). Let v = s + 64. Suppose -v*c + 6*c - 392 = 0. What are the prime factors of c?
2, 7
Let g(y) = -y - 9. Let n be g(-11). Suppose z + n*f + 15 = -3*f, -2*f - 6 = 3*z. What are the prime factors of 63 + z*(28/8)/7?
3, 7
Let l be 75 - ((-2 - 7) + 3). Suppose -l*s = -85*s + 1384. List the prime factors of s.
2, 173
Suppose -2*c = 3*y - 1179, 4*y = 2*c + 2*c - 2308. Suppose -2*r + 278 = -3*l, -5*r = 5*l - 113 - c. Let t = r - 80. What are the prime factors of t?
59
Suppose 3*w - 21 = -2*i + 7, i + 28 = 2*w. Suppose -8*b + 5060 = w*b. List the prime factors of b.
11, 23
Suppose 0 = -3*c + 6280 + 2417. Suppose -491 = 4*s - c. What are the prime factors of s?
2, 7, 43
Suppose -20*f - 47*f = -297078. List the prime factors of f.
2, 3, 739
Suppose 0 = 4*w + 612 - 236. Let a = -63 - w. Let d = a - -77. What are the prime factors of d?
2, 3
Let v(n) = 531*n**2 + 4*n - 2. Suppose 4 = 105*f - 101*f. List the prime factors of v(f).
13, 41
What are the prime factors of ((-1581308)/(-954))/((-4)/(-18))?
7459
Suppose -244 = 3*k - a - 1936, -2*k + 1128 = -2*a. Suppose -2*m = 3*o - 647 - k, 1213 = 3*o + m. What are the prime factors of o?
3, 5
Suppose 0 = -5*o - o - 48. Let m = o + 25. Suppose -16*p - 91 = -m*p. What are the prime factors of p?
7, 13
Let v(d) = -717*d**3 + d**2 - d. Let i be v(-1). List the prime factors of i + (-4 - (3 - 2)) + 5.
719
Let k = -26790 + 70431. What are the prime factors of k?
3, 13, 373
Let z(p) = 7*p**2 - 25*p - 44. Let u(b) = 3*b**2 - 12*b - 22. Let r(i) = -9*u(i) + 4*z(i). Let g be r(-9). Suppose v - 49 = g. What are the prime factors of v?
2, 5
Suppose 12*f = 6 + 114. Let m = 137 + f. List the prime factors of m.
3, 7
List the prime factors of (-15)/(25*14/(-79590)).
3, 379
Let b = -5830 - -16450. Suppose -9*m + b = 9*m. List the prime factors of m.
2, 5, 59
Let n be 24/(-32) + 6/8. Suppose -u + 2*d + 133 + 79 = 0, n = 2*u - 3*d - 419. List the prime factors of u.
2, 101
Suppose -204*m = -205*m + 2562. Suppose 713*o + m = 719*o. What are the prime factors of o?
7, 61
Let r be ((-12)/(-4))/((-18)/(-30)). Suppose 0 = r*o - 1974 - 2591. List the prime factors of o.
11, 83
Suppose 58*m - 129*m + 847243 = 0. What are the prime factors of m?
11933
List the prime factors of 7 - ((